 - -67. Let i = -21 - y. What are the prime factors of i?
2, 5
Suppose 0 = -4*m + 5*x + 4134 - 931, 0 = -4*m + 2*x + 3206. List the prime factors of m.
2, 401
Let l = 15 + -16. What are the prime factors of l*(-4)/((40/276)/5)?
2, 3, 23
Let m = 10459 - 7352. What are the prime factors of m?
13, 239
Let o(m) = -2*m - 12. Let a be o(-11). List the prime factors of 62 - a - (2 + 2).
2, 3
Suppose -56*g = -61*g + 25. What are the prime factors of 2/4*g*-10*-3?
3, 5
Let c(a) = a**3 - 24*a**2 + 18*a - 86. What are the prime factors of c(24)?
2, 173
Let k(v) = -9*v - 6*v + 6*v. Let i be k(1). Let c = i - -44. What are the prime factors of c?
5, 7
Suppose -746 = -5*y + 204. Suppose 6*t = t + y. List the prime factors of t.
2, 19
What are the prime factors of (161 - (-1 + -1))/((-20)/(-240))?
2, 3, 163
List the prime factors of 385 - 8 - (-4)/(-3 + 4).
3, 127
Let s(o) = o**3 - 35*o**2 + 89*o - 132. List the prime factors of s(35).
19, 157
Let p(u) = u**3 + 10*u**2 - 3*u + 4. Let v be p(-9). Suppose 10*n - v = -4*n. List the prime factors of n.
2
Let u = -112 - -169. Let q be u/21 + (-4)/(-14). Suppose 0 = -2*v + g + 60, -q*g = 2*g. List the prime factors of v.
2, 3, 5
Suppose y + 2 = -2*j + 1, -5*y - 2*j + 11 = 0. What are the prime factors of (21/(-9) + 3)*486/y?
2, 3
Let j = 269 - 68. What are the prime factors of j?
3, 67
Suppose 9*j - 9 = 6*j. Suppose -8 = 2*v, 0*d + 393 = j*d - 3*v. List the prime factors of d.
127
Suppose -729 = 4*f - 189. Let q = -87 - f. What are the prime factors of q?
2, 3
Suppose 4*u - u - 3*a = 4779, -4*a = 3*u - 4779. Suppose 9*n - u = -0*n. List the prime factors of n.
3, 59
Suppose 0 = -8*t + 961 + 1215. What are the prime factors of t?
2, 17
Let z(c) be the second derivative of c**4/6 - 2*c**3/3 - 9*c**2/2 + 36*c. List the prime factors of z(-6).
3, 29
Suppose 6*c + 78 = -408. Let x = c - -122. What are the prime factors of x?
41
Suppose 80095 + 34565 = 26*f. List the prime factors of f.
2, 3, 5, 7
Let p = 491 - 414. What are the prime factors of p?
7, 11
Let q(g) = -g - 7. Let d be q(-7). Suppose d = -0*o - 4*o - 28. Let s(n) = 2*n**2 + 9*n + 10. List the prime factors of s(o).
3, 5
Let k(v) = v - 1. Let c(j) = 13*j - 6. Let u(q) = c(q) - 2*k(q). Let n be u(4). Suppose 3*w = 2*w + n. List the prime factors of w.
2, 5
Let d(c) = c**3 - 12*c**2 - 6*c + 21. Let f be d(11). Let k = 286 + f. List the prime factors of k.
2, 3, 5
Suppose -5*v + 9 + 6 = 0. Suppose -2*n = -3*j - 293, v*n - 434 = 3*j - 2. What are the prime factors of n?
139
Let s(l) = l**2 - 4*l + 3. Let n be s(3). Let r(j) = j - 4*j**3 - 18 + j**2 + 18 + 13 + 5*j**3. List the prime factors of r(n).
13
Let z(g) = -2*g**3 + 13*g**2 - 7*g + 4. Let i be z(6). List the prime factors of (-1 - i) + 19 + 115.
3, 5
Let z(y) = y**2 - 25*y + 219. List the prime factors of z(0).
3, 73
Let h = -393 + 1044. List the prime factors of h.
3, 7, 31
Let q be ((-336)/35)/(1 + 249/(-240)). Suppose 9*l = q - 13. What are the prime factors of l?
3
Suppose 10 = 7*j - 2*j. Suppose 3*u = j*m - 176, 4*m - 4*u - 180 = 2*m. List the prime factors of m.
2, 41
Let w = -11 - -5. List the prime factors of ((-62)/w)/(3/18).
2, 31
Let b = -171 + 548. What are the prime factors of b?
13, 29
Let f(w) be the first derivative of w**4/4 + 13*w**3/3 - 11*w**2/2 - 5*w + 45. List the prime factors of f(-12).
271
Let h(y) = 2*y**2 + y - 1. Let w(d) = d**2 - d + 7. Let t be w(0). Let j be ((-3)/t)/(15/(-105)). What are the prime factors of h(j)?
2, 5
Suppose -300*m - 14415 = -305*m. What are the prime factors of m?
3, 31
Let f(a) = 41*a**2 - 3*a + 7*a + 0 - 36*a**2 + 4. Let u be (2 + -8)/2*1. What are the prime factors of f(u)?
37
Let f be (70/21 + -2)/(2/(-6)). Let a(g) = 11*g**2 + 8*g - 5. What are the prime factors of a(f)?
139
Let a(q) = 372*q**2 - 7*q + 2. List the prime factors of a(1).
367
Let n(m) = -m**3 + 3*m**2 - 2*m + 3. Suppose 4*t = -1 + 9. Let f be n(t). Suppose f*s = 6*s - 2*y - 80, s - 3*y - 36 = 0. What are the prime factors of s?
2, 3
Let i = -14 - -13. Let d(a) = -6*a - 2. Let l be d(i). Suppose 0 = l*o + 3*b - 67, -66 = -4*o - b - b. List the prime factors of o.
2
Suppose 76*t = 79*t - 4719. List the prime factors of t.
11, 13
Let n = 1 - -3. Suppose 3*q - 3 = 4*g - 29, 5*g + 5*q = 15. Suppose n*m = -g + 101. What are the prime factors of m?
2, 3
Let h(f) = f + 17. Let u be h(-12). Suppose -2*m + 6*m - u*p = 242, 4*m + 2*p = 228. Let c = 101 - m. List the prime factors of c.
43
Suppose -4*v = -7*v + 12. Suppose -49 = -v*g + 3*g. List the prime factors of g.
7
Suppose 0 = 2*n - 12 - 0. What are the prime factors of n/(-15)*-236 + (-2)/5?
2, 47
Suppose 5*i - 36 = -5*l + 29, 20 = 2*i - l. Let h(q) = 5*q + 18. List the prime factors of h(i).
73
List the prime factors of 2 - 64/28 - 7484/(-28).
3, 89
Let p(w) = -w**3 - 6*w**2 + w - 3. Let d be 0 + -7*(-4 - -5). List the prime factors of p(d).
3, 13
Let g(b) = -b**3 - 5*b**2 - 5*b - 7. Let i be g(-3). Let q(x) = -20*x - 24. List the prime factors of q(i).
2, 11
Suppose -69*n + 22655 = -49312. What are the prime factors of n?
7, 149
Suppose -782 = -3*o + 4*j, 0 = -10*o + 12*o + 2*j - 540. What are the prime factors of o?
2, 7, 19
Let u be (2/(-8))/(-1) + (-6)/24. Suppose -5*g + 3*m + 537 = u, 190 = 5*g - 4*m - 351. List the prime factors of g.
3, 5, 7
Suppose 0 = 3*q + 2*i - 19, -3*q + 5*i + 38 = 12. Suppose 421 + 356 = q*z. List the prime factors of z.
3, 37
Let y be 5/7 - (-2 - (-48)/28). Let i(b) be the first derivative of 28*b**2 - 2*b - 3. List the prime factors of i(y).
2, 3
Let g = 2295 + -1114. List the prime factors of g.
1181
List the prime factors of -835*-2*7/((-70)/(-11)).
11, 167
Let p be (0/(-2))/(3 + (1 - 2)). Suppose p = 6*t - 10*t + 44. What are the prime factors of t?
11
Let k(d) = d**2 - 8*d + 12. Let b be k(7). Suppose -4*o + 106 = b*w + 14, 5*w + 69 = 3*o. What are the prime factors of o?
23
Suppose -3*h = -54 - 75. Let i = 165 - h. What are the prime factors of i?
2, 61
Let l = -155 + 593. List the prime factors of l.
2, 3, 73
Suppose 1677 = -12*p - 543. What are the prime factors of -1 + 2 - (p + 13)?
173
Suppose -2 = -2*h + 2. Suppose h*f = -0*f + 100. List the prime factors of f.
2, 5
Suppose 7*a = 4*v + 3*a - 948, -5*v - 3*a + 1153 = 0. List the prime factors of v.
233
Suppose 0 = 19*a + 5044 - 30998. What are the prime factors of a?
2, 683
Let u be (-1474)/(-2) + (5 - 2)*1. Suppose 758 = 4*t - k + 191, -5*t - 5*k + u = 0. What are the prime factors of t?
11, 13
Let b = 144 - -98. Suppose 0 = 3*k - 4*x - b, -5*x = -0*k + k - 87. List the prime factors of k.
2, 41
Suppose 3*a - 8296 = 5*h - h, a = -4*h + 2744. What are the prime factors of a?
2, 3, 5, 23
Let z = -2764 - -4613. List the prime factors of z.
43
Suppose 62*r = 74*r - 24732. List the prime factors of r.
3, 229
Suppose -2*m - 343 = -5*p - 2879, -m - 4*p + 1242 = 0. What are the prime factors of m?
2, 17, 37
Suppose -18*a + 38982 + 240 = 0. List the prime factors of a.
2179
Let b(o) be the second derivative of 3*o**3/2 + 23*o**2/2 + 3*o. What are the prime factors of b(6)?
7, 11
Let m(u) = 195*u**3 - u**2 - 2*u. List the prime factors of m(2).
2, 97
Suppose 4*y - 3*h = 3*y + 130, 0 = 4*y - h - 542. List the prime factors of y.
2, 17
Let h(w) = -8*w + 17 - w**2 - 20 + 0*w**2. List the prime factors of h(-7).
2
What are the prime factors of (-9)/(-8 + 5) - (-2613)/3?
2, 19, 23
Let i(l) = l**2 - 16*l - 17. Let t be (-98)/(-5) - (-18)/(-30). What are the prime factors of i(t)?
2, 5
Suppose 4*x + w = 2809, 5*x - 1877 - 1648 = -4*w. What are the prime factors of x?
701
Let f = 1091 - 736. What are the prime factors of f?
5, 71
Let b be (-97)/(2 - (-3 - -4)). Let m = b + 178. What are the prime factors of m?
3
Let r(p) = p**3 - 17*p**2 - 18*p + 5. Let f be r(18). Suppose -f*w - 3*c - 52 = -7*w, -124 = -4*w + c. List the prime factors of w.
2
Suppose 5 = -x, 0*x - 257 = -4*v + x. What are the prime factors of v?
3, 7
Let y = -8 - -28. Suppose -3*q = 2*q - y. Suppose -2*k = -5*m - 6 + 131, q*k + 88 = 4*m. List the prime factors of m.
3
Let v(s) = s**3 - 10*s**2 + 11*s + 9. Let h be -5 + 1 + 2 - -6. Suppose 0 = 4*t - 40 + h. List the prime factors of v(t).
3
Suppose 2*k - 5*t = 1841, -1821 = -2*k + 5*t - 4*t. Suppose k = 7*q - 30. List the prime factors of q.
2